nd 24.
6
Suppose -15 = 5*x - 395. Let y = -25 + x. What is the highest common divisor of 17 and y?
17
Let s(j) = 263*j - 27. Let t be s(7). Let o = -632 + t. Suppose -3*m + o = -3*r, -3*m = m + 5*r - 1594. What is the greatest common factor of m and 44?
44
Let m(h) be the third derivative of -h**6/120 - h**5/20 + 11*h**4/24 + 7*h**3/3 - 40*h**2. Let b be m(-7). What is the highest common factor of b and 38?
19
Let z(q) = q**3 + 25*q**2 + 46*q + 39. Let a be z(-23). Let h(r) = 3*r**2 + 5*r - 9. Let o be h(5). What is the highest common factor of o and a?
13
Let u be ((-18)/15)/(2/(-5)). Suppose u*c - 12 = -c. Let g = c + 25. Calculate the greatest common divisor of 224 and g.
28
Suppose -52*i = -16105 - 16135. Calculate the greatest common divisor of 1300 and i.
20
Let n = -36012 - -36182. What is the highest common divisor of 102 and n?
34
Let q be (0 + 222)/((-2 - -3)*1). Suppose q + 588 = 18*b. Calculate the greatest common factor of b and 225.
45
Suppose 0*y + 700 = 7*y. Suppose -306*v = -284*v - 3080. Calculate the greatest common divisor of v and y.
20
Suppose -4*l + 2420 = 3*w, 2300 = 4*w - 2*l - 890. What is the greatest common factor of 1050 and w?
50
Suppose 35*x - 715 = 34*x. Suppose -18*c + x = -131. Calculate the highest common factor of 799 and c.
47
Let u = 289 + -483. Let h = u - -207. Calculate the highest common factor of 299 and h.
13
Suppose -116 - 374 = -5*r. Suppose -3363 = -11*g + 70*g. Let w = g + r. What is the greatest common factor of w and 41?
41
Suppose 4 = -w, 0 = -4*k + 3*w - 0*w + 48. Let q(y) = 14*y + 13. Let l be q(19). What is the highest common factor of l and k?
9
Let u = 6753 + -6645. What is the greatest common divisor of u and 14040?
108
Let u(a) = -a**3 + 11*a**2 - 24*a - 2. Let c be u(8). Let y be 10/(-5) + 11 + 2/c. Suppose y*k - 4*k = 4. Calculate the greatest common factor of k and 4.
1
Suppose 4*q + 36 = -2*q. Let w be (-48)/(-144) + (-718)/q. What is the greatest common divisor of w and 80?
40
Suppose -4211*j - 3075 = -4236*j. What is the highest common factor of 2829 and j?
123
Let k(j) = -j**3 + 21*j**2 - 19*j + 20. Let t be k(20). Calculate the highest common factor of 2120 and t.
40
Let c be (1878 - 0) + (-18)/24*4. Calculate the highest common divisor of 30 and c.
15
Suppose -5*s + 10 = -5. Let j(a) = 13*a - 9*a - s + 45*a. Let v be j(2). What is the greatest common divisor of 5 and v?
5
Suppose 61*s - 60*s - 158 = 5*f, 3*s - 460 = f. What is the greatest common factor of 117 and s?
9
Let o = -18 + 23. Suppose -5*g = o*m - 40, -7*g + 56 = -2*g + m. Suppose 0 = -4*w - 74 + 602. What is the highest common factor of w and g?
12
Let r be 120/(-300)*25/2 + (29012 - 0). Calculate the highest common divisor of r and 99.
99
Let c be (8/16 + 1 + -2)*396. Let t = -187 - c. What is the greatest common divisor of 297 and t?
11
Let c be 10/4 - (-1269)/54. What is the highest common factor of c and 2574?
26
Suppose 2*t + 3*f - 6725 = 202, 6 = -2*f. What is the greatest common divisor of 612 and t?
204
Suppose -69*q = -66*q - 24, 3*n - 5079 = -3*q. Calculate the greatest common factor of 5 and n.
5
Let z be (30/(-4) + 0)*(-3 - 3). Let b(f) = 5*f**2 + 6*f - 2. Let x be 3 + ((-12)/10 - 4/(-20)). Let i be b(x). What is the greatest common factor of i and z?
15
Let p(r) = 174*r**2 + 78*r + 27. Let m be p(-6). Calculate the highest common factor of 9 and m.
9
Suppose 3*a + 46 = 5*v, -2*a - 2*a + 34 = 2*v. Suppose -4*g + v = 4*z + 359, -4*g - 353 = 5*z. Let y = g + 98. Calculate the greatest common factor of 4 and y.
4
Let l(a) = -14*a**2 - 38*a - 58. Let v(j) = -5*j**2 - 13*j - 20. Let d(f) = 4*l(f) - 11*v(f). Let w be d(-7). What is the greatest common divisor of 26 and w?
2
Suppose -201*l - 12514 + 55970 + 34934 = 0. Calculate the highest common factor of 135 and l.
15
Let t(s) = s**2 + 3. Let c be t(-9). Suppose -4*r + 4*z + c = -0*r, 71 = 3*r - z. Suppose r = u - 24. Calculate the highest common factor of u and 21.
7
Let b(g) = 26*g - 280. Let j be b(11). Suppose -j*s = 3*s - 36. Suppose -2 = -3*k + 3*r + 4, -3*k = 4*r - 6. Calculate the greatest common factor of s and k.
2
Let n be (-25)/5 - (4 + 5 + -13). Let q be -400*(35/(-25) - n). Calculate the greatest common divisor of q and 100.
20
Let a be (-116)/6 + 9/27. Let c(i) = i + 37. Let q be c(a). Suppose 190 + 80 = 15*z. What is the greatest common divisor of z and q?
18
Let b be (42/8)/((-3)/4). Let v be (-6 - -660)/6 + b. What is the highest common factor of 340 and v?
34
Suppose -2*q = -u + 183, 3*q + 703 = 4*u - 34. Let n = -167 + u. Calculate the greatest common factor of 18 and n.
18
Suppose 232 = 5*h + 3*d, -4*h + 122 = 2*d - 62. Let n be (1636/h - -4) + 8/(-44). What is the greatest common divisor of n and 164?
41
Let k = 31 + -59. Let j = 30 + k. Suppose -28 + 182 = 7*q. What is the highest common factor of j and q?
2
Let f(r) = -87*r + 1. Let l be f(-1). Suppose 4104 = 87*y - 22 + 298. What is the greatest common factor of y and l?
44
Let o = 8126 - 8018. What is the highest common divisor of 1458 and o?
54
Let z = -142 - -129. Let m = -11 - z. Let a(u) = u**2 + 3*u - 10. Let s be a(6). What is the greatest common divisor of m and s?
2
Suppose 0 = 2*a - 14 + 6. Suppose a*f = 10*f - 48. Suppose -f = -g - g. Calculate the highest common factor of g and 60.
4
Suppose -6*d = -15*d + 468. Suppose 6*w - 16 + d = 0. Let m be (36/15)/w + (-327)/(-5). What is the highest common factor of 5 and m?
5
Let o(z) = -z**3 + 15*z**2 + 11*z - 85. Let b be o(15). Calculate the highest common factor of b and 515.
5
Suppose 0 = -5*h + 50, 431*h - 435*h + 168 = 4*z. Suppose 11 = 3*f - 13. Calculate the highest common divisor of f and z.
8
Suppose 0 = 17*d + 6238 - 11236. What is the highest common divisor of 12 and d?
6
Let z = 725 + -655. Let m be (-3)/7 - 5154/(-21). Calculate the highest common factor of z and m.
35
Suppose 0*w = w + 175. Let z = w - -205. What is the highest common divisor of z and 75?
15
Let v(y) = -y**3 - 10*y**2 - y - 5. Let q be v(-10). Suppose -3*z = q*p - 6, -3*p - 6 = 3. Calculate the highest common factor of 14 and z.
7
Let h be 76 - ((-5 - 7)/6 - -7). Suppose 0 = 7*m - 90 - h. What is the highest common divisor of 368 and m?
23
Let d = 210 + -91. Let g(y) = -y**3 - y**2 + 9*y - 21. Let b be g(-5). What is the highest common divisor of b and d?
17
Let y = -6 + 2. Let s be (-122)/y - 2/4. Let q = -826581 - -826593. Calculate the highest common divisor of q and s.
6
Let z(c) = 26*c + 379*c - 135 - 149*c + 305*c. Let j be z(2). Calculate the greatest common factor of j and 21.
21
Let x = 12 + 244. Let d be 2/4*(6 - 22). Let i be (-24)/(8 - (-70)/d). Calculate the highest common divisor of x and i.
32
Suppose -4*s + 58 - 2 = 0. Suppose 0 = 2*r - 13 + 11. Let d be r*(-6)/(-45) + 84/45. What is the greatest common divisor of s and d?
2
Let n be -2 + 3396/28 - 6/21. Suppose -10*h + 141 = -n. What is the greatest common factor of 286 and h?
26
Let b = 1025 + -1011. Suppose 0 = 3*y + 2*t - 6, -2*t - 1 = -3*y + 5. Calculate the highest common divisor of b and y.
2
Let c be (2700/(-8))/5*(68/(-10) - -6). Calculate the greatest common factor of c and 702.
54
Let r = 129 + -17. Suppose 108*a + 72 = r*a. Calculate the greatest common divisor of a and 162.
18
Let v = 12822 + -12747. Calculate the greatest common factor of 3725 and v.
25
Let j = 657 + -370. Let q = j - 210. What is the greatest common factor of 55 and q?
11
Let r(s) = 73*s - 2. Let v be r(9). Let w = v + -135. Let l = 2 - -50. What is the greatest common factor of l and w?
52
Let t = 22 - 25. Let n be (-2 + 54/(-3))*t/12. Suppose -n*g + 3*a = -16, 0 = 2*g - g - a - 4. What is the greatest common factor of g and 14?
2
Suppose -4*o + 1065 = -3043. Suppose n = -3*p + 19, 30*n - 26*n + 3*p - 58 = 0. What is the greatest common divisor of o and n?
13
Let j = 174 - 174. Suppose j = -4*b + 3*n + 186, -4*b + 28 = -n - 162. What is the greatest common factor of b and 144?
48
Let t(n) = -10*n**3 - 54*n**2 - 39*n - 33. Let q be t(-15). What is the highest common factor of q and 156?
156
Suppose -6*t + 5*m = -10*t + 1789, 3*m = 2*t - 867. What is the greatest common divisor of t and 252?
63
Let p be 26 + (-3 - 0) + 5. Calculate the greatest common factor of p and 84.
28
Suppose -5*m - 16*a + 11*